{"id":69,"date":"2016-05-05T14:59:30","date_gmt":"2016-05-05T20:59:30","guid":{"rendered":"https:\/\/excelfuso.com\/guatemala\/\/?page_id=69"},"modified":"2016-07-05T15:55:14","modified_gmt":"2016-07-05T21:55:14","slug":"comparar","status":"publish","type":"page","link":"https:\/\/excelfuso.com\/guatemala\/comparar\/","title":{"rendered":"Compara camiones"},"content":{"rendered":"<p>Fuso puede mover varios miles de d\u00f3lares a su cuenta de resultados en ahorro de costes de funcionamiento en tan s\u00f3lo tres o cuatro a\u00f1os. Y que s\u00f3lo est\u00e1 comenzado. Imaginar hasta qu\u00e9 punto su rendimiento fiable y un menor coste de propiedad puede llevar su negocio.<\/p>\n","protected":false},"excerpt":{"rendered":"<p>Fuso puede mover varios miles de d\u00f3lares a su cuenta de resultados en ahorro de costes de funcionamiento en tan s\u00f3lo tres o cuatro a\u00f1os. Y que s\u00f3lo est\u00e1 comenzado. Imaginar hasta qu\u00e9 punto su rendimiento fiable y un menor coste de propiedad puede llevar su negocio.<\/p>\n","protected":false},"author":1,"featured_media":98,"parent":0,"menu_order":0,"comment_status":"closed","ping_status":"closed","template":"comparar.php","meta":{"_acf_changed":false,"footnotes":""},"class_list":["post-69","page","type-page","status-publish","has-post-thumbnail","hentry"],"acf":[],"_links":{"self":[{"href":"https:\/\/excelfuso.com\/guatemala\/wp-json\/wp\/v2\/pages\/69","targetHints":{"allow":["GET"]}}],"collection":[{"href":"https:\/\/excelfuso.com\/guatemala\/wp-json\/wp\/v2\/pages"}],"about":[{"href":"https:\/\/excelfuso.com\/guatemala\/wp-json\/wp\/v2\/types\/page"}],"author":[{"embeddable":true,"href":"https:\/\/excelfuso.com\/guatemala\/wp-json\/wp\/v2\/users\/1"}],"replies":[{"embeddable":true,"href":"https:\/\/excelfuso.com\/guatemala\/wp-json\/wp\/v2\/comments?post=69"}],"version-history":[{"count":4,"href":"https:\/\/excelfuso.com\/guatemala\/wp-json\/wp\/v2\/pages\/69\/revisions"}],"predecessor-version":[{"id":395,"href":"https:\/\/excelfuso.com\/guatemala\/wp-json\/wp\/v2\/pages\/69\/revisions\/395"}],"wp:featuredmedia":[{"embeddable":true,"href":"https:\/\/excelfuso.com\/guatemala\/wp-json\/wp\/v2\/media\/98"}],"wp:attachment":[{"href":"https:\/\/excelfuso.com\/guatemala\/wp-json\/wp\/v2\/media?parent=69"}],"curies":[{"name":"wp","href":"https:\/\/api.w.org\/{rel}","templated":true}]}}